ided by q.
2
Let k = -2 + 14. Let t = -7 + 64. Calculate the remainder when t is divided by k.
9
Let x(y) = y**3 - 22*y**2 + 40*y + 18. Calculate the remainder when 71 is divided by x(20).
17
Let l be (-6)/30 - 22/(-10). Suppose 45 = k + 2*g, -48 = l*k - 3*k - g. What is the remainder when k is divided by 13?
12
Let m(r) = -r**3 - 4*r**2 - 7*r - 4. Let v(q) be the first derivative of 4*q**3/3 - 3*q**2/2 + 3*q - 1. What is the remainder when m(-4) is divided by v(2)?
11
Suppose 4*i = 3 + 17. Suppose -5 = -i*m + 25. Suppose -m = 3*c - 5*c. Calculate the remainder when 5 is divided by c.
2
Let j be 3/((-12)/74)*-8. Suppose 4*s - 218 = 2*b, -j = -5*s - 3*b + 108. What is the remainder when s is divided by 14?
11
Let r(n) = -n**3 + 7*n + 5. Calculate the remainder when r(-4) is divided by 12 - (-9 - (-14 - -7)).
13
Let f(b) = b - 1. Let d be f(6). Suppose -134 = -5*i - m, 0 = -d*i - m + 2*m + 126. Calculate the remainder when 77 is divided by i.
25
Let m be ((-90)/(-40))/(2/32). Suppose 10*y - 13*y + m = 0. Calculate the remainder when 33 is divided by y.
9
Suppose 2*x - 30 + 22 = 0. What is the remainder when x is divided by 4?
0
Let t(p) = -p**2 - 14*p - 18. Let c be t(-12). Let x(o) = 2*o - 8. Calculate the remainder when 7 is divided by x(c).
3
Let n be -6 + 1 + 2 - -6. Suppose -n*y + 29 = t, 0 = -y + 6*t - t - 1. Let q = 6 + 0. Calculate the remainder when y is divided by q.
3
What is the remainder when 24 + -3*5/15 is divided by 7?
2
Let y = -97 - -271. Calculate the remainder when y is divided by 35.
34
Suppose -m + 4*n + 11 = -n, -2*n = -4*m + 134. What is the remainder when m is divided by 19?
17
Suppose -5*n + h = 4 - 20, -3*n + 2*h = -11. Calculate the remainder when 11 is divided by n.
2
Let z = 4 + -1. Let o = -8 + 27. Let q = o - 11. What is the remainder when q is divided by z?
2
Suppose 4*r = 6*r. Suppose r*c + 15 = c. Let f = -19 + 47. Calculate the remainder when f is divided by c.
13
Let o = -57 - -82. Calculate the remainder when 1/(-3) - o/(-3) is divided by 6.
2
Calculate the remainder when 180 is divided by 4/(-7) - (-326)/7.
42
Let x be ((-9)/(-6) + -2)*-8. Suppose x*m = q - 3*q + 876, -210 = -m - 5*q. Suppose -m = -4*i - i. Calculate the remainder when i is divided by 15.
14
Suppose -15 = -2*h - h. Suppose 12 = 3*f - 3, 2*j = -h*f + 33. Let a = 9 + j. Calculate the remainder when 37 is divided by a.
11
Let w be -8*3/(-6)*-5. Let l = 31 + w. What is the remainder when 40 is divided by l?
7
Let v(o) = 14*o. Let u = -8 - -23. What is the remainder when v(3) is divided by u?
12
Let i(o) = 13*o - 2. Let w be i(-9). Let j = w - -246. Suppose 4*f - j = -r, -f = -0*f - 5*r - 16. What is the remainder when f is divided by 16?
15
Let z(a) = a + 10. Let t be z(-10). Suppose k + 4*k + 380 = t. Let y = k - -109. Calculate the remainder when y is divided by 9.
6
Let x = 21 + -13. Let k(b) be the first derivative of b**4/4 - 8*b**3/3 + 3*b**2 - 8*b - 8. What is the remainder when k(x) is divided by 14?
12
Suppose 4*s - 2 = -2*l + 4, -4*l + s = -12. Suppose -l*m + k = m - 26, 29 = 3*m + 4*k. Let z = 45 - 32. Calculate the remainder when z is divided by m.
6
Suppose -7 = -5*n + 3. Suppose -16 - 11 = -n*h + 3*q, 0 = -2*h + 2*q + 28. Calculate the remainder when 27 is divided by h.
12
Suppose 4*u - 3*u - 22 = 2*f, 3*f - 55 = -4*u. Suppose 0 = -0*t - t + 3*k + u, -3*t + 2*k = -41. What is the remainder when t is divided by 5?
3
Let f be 8/3 + (-1)/(-3). Let h(m) = m**2 + 38 - 3 - f. Calculate the remainder when h(0) is divided by 11.
10
Suppose -60 = 8*r - 3*r. Let c = 20 + r. Calculate the remainder when 22 is divided by c.
6
Suppose 5*u + 20 = 0, -3*t = 2*t - u - 239. What is the remainder when t is divided by 10?
7
Suppose -2*g + 27 = -v, 2 = -4*v - 10. Calculate the remainder when 45 is divided by g.
9
Suppose -3*q = -0*q - 9. Suppose -y = q*j - 0*y - 17, 10 = 2*j + y. Calculate the remainder when j is divided by 2.
1
Let l = 9 - 13. Let o(q) = q**3 + 4*q**2 - q + 4. What is the remainder when (-6)/l*(-44)/(-3) is divided by o(-4)?
6
Let y = 4 - 1. What is the remainder when 10 is divided by y?
1
Suppose -85 = -3*q - 16. Let v(b) = -b + 5. Calculate the remainder when q is divided by v(-7).
11
Let k(d) = 5 + d + d**2 + 0*d**2 + 8. What is the remainder when k(0) is divided by 7?
6
Suppose -5*y = -v + 3, -2*v = -5*y - 43 + 17. What is the remainder when v is divided by 5?
3
Suppose 0 = -2*z + 4*z - 228. Suppose 4*h - 6*h + z = 0. Suppose i = 2*s - h, -s - i = -2*s + 29. Calculate the remainder when s is divided by 10.
8
Suppose 36 = g + 23. Calculate the remainder when 155 is divided by g.
12
Let x be (6/(-5))/(1/(-5)). Suppose -x*g = -5*g - 3. Calculate the remainder when 2*(3 + 0 + 1) is divided by g.
2
Calculate the remainder when -3 - (-4 - (-4 + 3) - 74) is divided by 19.
17
Let u(p) = p**3 + 5*p**2 + 3*p + 2. Let t be u(-4). Let q(h) = 6*h**2 - h**3 + 3*h + 5*h - 4*h + 7. What is the remainder when q(t) is divided by 11?
9
Suppose -5*k = g - 238, 5*k + 2*g = 7*g + 220. Calculate the remainder when k is divided by 15.
2
Let o be (-1 - (3 + -3))*16. Let z = 21 + o. Calculate the remainder when z is divided by 2.
1
Suppose 71 = 3*l + 3*n + n, 4*l - 5*n - 136 = 0. Let g(j) = -j**2 - 8*j - 1. Let k be g(-10). Let m = l + k. What is the remainder when 15 is divided by m?
7
Calculate the remainder when 3*(-8)/(-3)*(12 - 5) is divided by 10.
6
Let i = 1 - -4. Suppose -5*p - i*f = -28 + 3, -3*p - 2*f + 19 = 0. Let o(t) = -t**3 - 5*t**2 - 2*t - 5. What is the remainder when p is divided by o(-5)?
4
Let q = 4 + -2. Suppose -4*t = 7*t - 22. What is the remainder when q is divided by t?
0
Suppose -3 + 13 = j - 5*b, 2*b = 2*j - 52. Suppose -5 = d - 2. Calculate the remainder when (0 - d - 1) + j is divided by 11.
10
Let f = -527 + 752. What is the remainder when f is divided by 19?
16
Let o(x) = -4*x**3 + 1 - 2 + x**2 + 0*x**3. Let d be o(-1). Suppose p + p - m - 3 = 0, -5*p = d*m - 40. Calculate the remainder when p is divided by 3.
1
Let u = 18 + -14. Suppose -u*w + w = -18. Calculate the remainder when 22 is divided by w.
4
Let b = 9 - -23. Suppose -2*y = -4 - b. Calculate the remainder when 33 is divided by y.
15
Suppose 3*t - 6 = -v - 0*v, -5*t - v = -12. Suppose -t*r = r - 124. What is the remainder when 61 is divided by r?
30
Let c(z) be the first derivative of z**3/3 - 7*z**2/2 + 11*z + 1. Calculate the remainder when c(9) is divided by 16.
13
Suppose -336 = -5*z + 3*z. Suppose 4*b + z = 4*s, 2 = b - 3*s + 36. Let w = 78 + b. What is the remainder when w is divided by 11?
10
What is the remainder when -55*((32/(-10))/2 - -1) is divided by 19?
14
Let q(d) = d + 16. Let a be q(-15). What is the remainder when (-150)/((-3)/a) + 1 is divided by 13?
12
Let z = -31 - -14. Let a = -34 + 63. Let q = z + a. Calculate the remainder when 35 is divided by q.
11
Let y = -11 - -15. Suppose 5*w - 16 = -3*h, 4*w + y - 28 = -4*h. Calculate the remainder when 27 is divided by h.
6
Calculate the remainder when 24/108 - 1249/(-9) - -3 is divided by 48.
46
What is the remainder when 38 is divided by ((-10)/(-15))/((-2)/(-60))?
18
Suppose 0 = -4*p + 12 + 4. Suppose -o = -2*l + 3, -l + p = 2*l - o. What is the remainder when 3 is divided by l?
0
Suppose -3*p + 9 = -12. Suppose 120 = -p*l + 10*l. Calculate the remainder when l is divided by 21.
19
Let r(u) = -2*u**2 + 4*u - 4. Let g(q) = -5*q**2 + 9*q - 7. Let w(c) = -3*g(c) + 7*r(c). What is the remainder when w(-7) is divided by 18?
17
Let f(j) = -2 + 10*j + j - 4. What is the remainder when f(5) is divided by 13 - ((0 - 4) + 0)?
15
Suppose 2*v - 5*p - 107 = 0, -7*v = -3*v - 4*p - 232. Let z = v + -38. What is the remainder when z is divided by 13?
10
Let t = -27 + 12. Let i = 31 + t. Let b(q) = 4*q + 2. Calculate the remainder when b(7) is divided by i.
14
Let l(g) = -g - 7. Let d be l(-7). Suppose d = 2*x + 4*y + y + 4, -5*y = -x + 13. What is the remainder when x is divided by ((-1)/(-3))/((-2)/(-18))?
0
Let v(j) = -j**3 - 8*j**2 + 8*j - 1. Let s(b) = -b**2 + 1. Let m(a) = 3*s(a) - v(a). What is the remainder when 31 is divided by m(-6)?
15
Let b = -16 - -29. What is the remainder when 25 is divided by b?
12
Suppose 3*a + 5*a - 24 = 0. What is the remainder when 12 is divided by a?
0
Suppose 4*a + 7 = 27